t r be (20/(-6))/(4/(-6)). Let w(f) = 6*f**2 + r*f - 2*f + 4*f + 0 - 5. Let t be w(6). Calculate the highest common divisor of 23 and t.
23
Let k = 110 - 96. Calculate the greatest common factor of k and 7.
7
Suppose -5*f + 0*f - 2*l - 92 = 0, 0 = -2*f + 4*l - 56. Let p = 0 - f. What is the highest common divisor of p and 220?
20
Let k be 28/6 - 6/9. Calculate the highest common divisor of k and 16.
4
Let o be (-48)/(-18)*186/8. Let x be (o/12 - 4)*6. Let v(h) = 64*h - 1. Let l be v(1). Calculate the greatest common divisor of l and x.
7
Suppose 8*p = 3*p - 3*t + 39, -3*t = 3*p - 27. Suppose -p = i - 5. Let g be i/(-3) + (-132)/(-9). What is the highest common factor of g and 10?
5
Suppose -u - 2*u = 15, -2*i + 40 = 4*u. What is the highest common factor of 120 and i?
30
Let n(d) = -4 - 5 + d + 2*d. Let b(v) = -v + 4. Let w(f) = 7*b(f) + 3*n(f). Let h be w(3). What is the highest common divisor of 77 and h?
7
Let p = 153 + -224. Let h = p + 99. Calculate the greatest common divisor of h and 42.
14
Let z(j) = -j**3 - 2*j**2 + 4*j + 2. Let q be z(-4). Let h be (-6)/5*(-420)/q. Calculate the highest common factor of 7 and h.
7
Suppose 5*p = 803 + 1602. Suppose l = -0*l + 5*c + 106, 0 = -4*l + c + p. Calculate the greatest common factor of 11 and l.
11
Suppose 4*z + 10 = 6*z. Let m be (4 - z)/((-2)/22). Suppose -l + 82 = -3*v, 2 = 2*l + 4*v - 182. Calculate the highest common factor of m and l.
11
Let j be -9 - -7 - (8 - 0). Let m be j*3/(-6) - 3. What is the greatest common divisor of m and 5?
1
Let l(c) = -c**2 - 14*c + 24. Let u be l(-12). What is the greatest common factor of 16 and u?
16
Let a = 228 + 45. Calculate the greatest common factor of 21 and a.
21
Let y be 1/(-2) - 18/(-4). Suppose -2*t + y = -4. Calculate the greatest common divisor of 10 and t.
2
Let j be ((-117)/4)/(12/(-128)). What is the greatest common factor of j and 39?
39
Let w(h) = -h**2 - 7*h - 8. Let c(p) = 3*p**2 + 13*p + 15. Let t(n) = 6*c(n) + 11*w(n). Let g be t(2). What is the greatest common divisor of 80 and g?
16
Let t(i) = i**2 + i + 8. Let v be t(-5). What is the highest common divisor of v and 252?
28
Let b(h) = 43*h + 7. Let a be b(3). Calculate the highest common factor of 17 and a.
17
Suppose i + 3*k = 18, -42 = 4*i - 7*i - 3*k. Let n = 210 - 126. What is the highest common divisor of n and i?
12
Let l(a) = a**3 - 3*a**2 + 2*a - 3. Let x be l(3). Suppose -m = x - 14. What is the highest common divisor of m and 11?
11
Let y = -116 + 168. Suppose 7*r - 3*z - y = 3*r, -r + 13 = -5*z. What is the greatest common factor of 26 and r?
13
Let x = 31 + -23. What is the highest common divisor of 56 and x?
8
Let g be 0*(2 - (5 + -2)). Suppose g = -4*f + 39 - 15. Calculate the highest common divisor of f and 2.
2
Let m(q) = -2*q**3 - 6*q**2 - 6*q. Let d be m(-4). Suppose -5*p + 70 + 0 = 0. Calculate the highest common factor of d and p.
14
Let y = 75 - 39. Calculate the highest common divisor of y and 144.
36
Let f be 7 - -2*6/(-12). Let x(q) = q**3 - q + 9. Let k be x(0). Calculate the highest common divisor of k and f.
3
Let a(t) = t**3 - 2*t**2 - 5*t + 3. Let y be a(3). Let l = y - -28. Calculate the highest common divisor of l and 5.
5
Let s = 46 + -22. Let j = 51 - s. Let x be (-3)/((-3)/1)*j. Calculate the greatest common divisor of x and 18.
9
Suppose -4*d - u + 67 = 0, -5*u + 27 + 53 = 5*d. Calculate the greatest common factor of 136 and d.
17
Suppose v - 12 = 2*v. Let g = -11 - v. Calculate the highest common factor of g and 4.
1
Let v be (5/((-5)/(-6)))/1. What is the highest common divisor of v and 42?
6
Let p(k) = -k + 1. Let i = -30 + 15. Let g be i/21 + 4/(-14). Let v be p(g). What is the greatest common divisor of v and 2?
2
Let t be (-855)/(-36) - (-2)/8. Calculate the greatest common divisor of t and 132.
12
Suppose 8 = 2*z - z. Let x(y) = 18*y - 1. Let q be x(-8). Let s = -89 - q. Calculate the greatest common factor of s and z.
8
Let d be ((-6)/8 - 0)*76. Let g = d + 101. Calculate the highest common factor of g and 4.
4
Let k be (-2)/(((-1)/2)/1). Suppose -5*c = 2*a + 21, a = 2*c + k + 8. Calculate the highest common factor of a and 18.
2
Suppose -4 = -5*s + 16. Suppose -6 = -s*g + 6. Let a be (g/2)/(6/32). What is the highest common divisor of 12 and a?
4
Suppose 3*t = -5*c + 46, -t + 2*t = -2*c + 18. Calculate the greatest common factor of 2 and c.
2
Let p be (166 - (3 + -2)) + 3. Suppose 5*b - p = 2*b. Calculate the highest common factor of 14 and b.
14
Let n be 1710/54 - 2/(-6). Calculate the greatest common divisor of n and 2.
2
Let h(b) = 245*b**2 - b - 2. Let v be h(-1). Let c = -145 + v. Let q be (-3)/(-2)*88/12. What is the highest common divisor of q and c?
11
Let y = 4 - -38. Suppose 2*c - b = 64 + 25, c = -2*b + y. What is the highest common divisor of 22 and c?
22
Suppose 5*f + 12 = f. Let q be (15 - -3)/(f/(-9)). Calculate the highest common divisor of q and 36.
18
Suppose -15*d = -11*d - 4. Calculate the highest common factor of 11 and d.
1
Suppose 4*z = -3*r, 0*z - 4*r = z. Let d be (-3 + z)*(-12)/18. Suppose 0 = -u + 16 + d. What is the greatest common divisor of 198 and u?
18
Let v(n) = 20*n + 43. Let x be v(-2). Let c = 26 - 2. What is the greatest common factor of x and c?
3
Let m(v) be the first derivative of -v**4/4 + 3*v**3 - 3*v**2/2 - 7*v + 2. Let w be m(7). What is the greatest common divisor of 10 and w?
10
Let a(q) = -q - 5*q + 12*q. Let f be a(1). Calculate the greatest common factor of 24 and f.
6
Suppose 40 = 3*q - 7*q. Let p(s) = -s**3 + 14*s**2 - s + 12. Let z be p(14). Let h = z - q. Calculate the greatest common divisor of h and 8.
8
Let g(u) be the second derivative of 1/2*u**2 - 3*u + 31/4*u**5 - 1/12*u**4 + 0 - 1/6*u**3. Let z be g(1). Calculate the highest common factor of z and 14.
14
Let h = 198 + -88. Suppose 0*i + h = i. What is the highest common divisor of 10 and i?
10
Suppose -3*t - t + 211 = 3*h, 4*t + 134 = 2*h. Calculate the highest common factor of h and 23.
23
Let s = 962 - 582. Calculate the highest common factor of s and 38.
38
Suppose -32 = -4*r - 4. What is the highest common factor of 14 and r?
7
Let f = -9 + 5. Let n = f - -12. Calculate the highest common factor of 72 and n.
8
Suppose -2*t + 5 = -3. Suppose -t*a = 3*b - 61, -5*b - a + 9 + 70 = 0. Let i = b + -11. Calculate the highest common divisor of i and 36.
4
Let p(z) = -z**3 + z**2 + z - 1. Let c be p(1). Suppose -5*j - 6 - 9 = c. Let l be ((-54)/(-21))/(j/(-14)). Calculate the greatest common factor of l and 72.
12
Suppose 38 = -6*m + 134. Calculate the greatest common divisor of m and 32.
16
Let t(z) = z**3 + 12*z**2 + 11*z + 15. Let u be t(-6). Calculate the highest common divisor of 30 and u.
15
Suppose n + 5*c = 20, 0*c + 16 = n + 4*c. Suppose n = -z + 5 + 2. What is the greatest common divisor of z and 28?
7
Suppose -2*l - 2*l = -40. Let q = -162 - -177. Calculate the greatest common divisor of q and l.
5
Let y = -35 + 107. Suppose 5*w + 1 - 11 = 0. Suppose 54 = w*d + d. Calculate the greatest common factor of y and d.
18
Let g be 1/(2/26) + -1. Let k = 14 + -11. Calculate the greatest common divisor of k and g.
3
Let f(y) = -3*y**3 + 25*y**2 - 7*y. Let s be f(8). Let g(c) = c**3 + 3*c**2 + c + 4. Let o be g(-3). Calculate the highest common divisor of s and o.
1
Let s be (-202)/(-18) + (-10)/45. Suppose 3*o = -0*o + 132. What is the highest common divisor of s and o?
11
Let s be -2 - -4*(2 - 1). Let j be (s - 32)*10/(-4). Let c = j - 33. What is the highest common divisor of 14 and c?
14
Let b = -58 + 41. Let h = b + 23. What is the greatest common divisor of 12 and h?
6
Let k = 53 - 31. Let m be (k/33)/((-2)/(-90)). What is the highest common divisor of 6 and m?
6
Suppose j - b = 2, -4*b - 4 + 2 = -2*j. Let q be (-2)/(2*-1) + 0. What is the highest common factor of q and j?
1
Let l = 116 - 44. Calculate the greatest common divisor of l and 24.
24
Suppose d - 19 = -3*o + o, 4*d + 2*o = 58. Let h(i) = 7*i**2 + 6*i - 1. Let a be h(-6). Let j = -150 + a. Calculate the greatest common factor of j and d.
13
Let c = -302 - -304. Let n = 35 + -19. What is the highest common divisor of c and n?
2
Suppose 0*a - 3*a - 22 = -5*l, 4*l + 4*a + 8 = 0. Calculate the highest common divisor of l and 38.
2
Let s be 4/(-6) - 230/(-3). Let l = 